?
-41107
In base 10, what is -220 + 2?
-218
In base 11, what is -34 - 89?
-112
In base 14, what is -15c - -1?
-15b
In base 9, what is 11 + 50?
61
In base 12, what is 996 - b?
987
In base 3, what is -20 + -200211?
-201001
In base 8, what is -34 + 5?
-27
In base 7, what is -23 - 1600?
-1623
In base 3, what is -2 - 2121211?
-2121220
In base 5, what is 3 - 1123?
-1120
In base 5, what is -341 - -103?
-233
In base 9, what is 5 + -4040?
-4034
In base 14, what is -16 - -3?
-13
In base 8, what is 10217 + -2?
10215
In base 16, what is 298 - 0?
298
In base 11, what is -3 + 573?
570
In base 2, what is 10011 - 10?
10001
In base 2, what is 1001110001110 - 10?
1001110001100
In base 7, what is -330 - -1?
-326
In base 4, what is -23222 + 11?
-23211
In base 10, what is 1 - 1935?
-1934
In base 12, what is -148 + b?
-139
In base 9, what is -3235 + 3?
-3232
In base 13, what is 7 - -278?
282
In base 8, what is -67 - 16?
-105
In base 5, what is 10 - 1200?
-1140
In base 13, what is -6 - -5?
-1
In base 13, what is -1 + 7b?
7a
In base 10, what is -7 - 16?
-23
In base 15, what is 6c - 87?
-1a
In base 14, what is -252 - -2d?
-223
In base 10, what is -3 - -35?
32
In base 13, what is 4 + 606?
60a
In base 11, what is 18 - -2?
1a
In base 3, what is 10 - -22110?
22120
In base 13, what is 4 + -2a8a?
-2a86
In base 16, what is 9e + 1c?
ba
In base 9, what is -468 + -5?
-474
In base 12, what is 90 - -5?
95
In base 10, what is 2 + -804?
-802
In base 5, what is 2 - 322?
-320
In base 2, what is 1011001101 - -1?
1011001110
In base 12, what is -1 + b?
a
In base 2, what is 111 + -11011?
-10100
In base 9, what is -118 - 5?
-124
In base 16, what is -5 + 7d?
78
In base 3, what is 121110012 - -2?
121110021
In base 13, what is -6 + -116?
-11c
In base 2, what is -10 + 1001101010?
1001101000
In base 13, what is -2 - 91?
-93
In base 5, what is -10 - -42434?
42424
In base 2, what is -1110 + -1101000001?
-1101001111
In base 12, what is -4 + 2aa?
2a6
In base 13, what is 9173 + -1?
9172
In base 2, what is 100001 - -10?
100011
In base 9, what is -7470 + -4?
-7474
In base 16, what is -152 - 3?
-155
In base 6, what is 1 + 25?
30
In base 16, what is -2954 + -4?
-2958
In base 12, what is -19 + -291?
-2aa
In base 3, what is -1 - -112112?
112111
In base 16, what is 293 + 4?
297
In base 7, what is -3 + -126?
-132
In base 9, what is -3274 + -4?
-3278
In base 8, what is -21 - 10?
-31
In base 12, what is 0 - 685?
-685
In base 12, what is 208 + -2?
206
In base 4, what is 3311 - 12?
3233
In base 7, what is -63 + -122?
-215
In base 15, what is 8 + d27?
d30
In base 12, what is 644 - 6?
63a
In base 16, what is -cf - 3?
-d2
In base 3, what is -10002 + 20111?
10102
In base 12, what is 5 + -7b6?
-7b1
In base 6, what is 1332 - 12?
1320
In base 9, what is -35410 - -5?
-35404
In base 12, what is -1 - b7?
-b8
In base 16, what is 99 + 4?
9d
In base 13, what is -23b + -1?
-23c
In base 8, what is -153 + 26?
-125
In base 4, what is 103 - -2?
111
In base 4, what is 22 - 220?
-132
In base 10, what is 450 + -3?
447
In base 3, what is -2 + -10111200?
-10111202
In base 12, what is 153 + 4?
157
In base 15, what is 39c - -3?
3a0
In base 12, what is -a - -178?
16a
In base 8, what is 142 - 2?
140
In base 15, what is -1 - 48?
-49
In base 7, what is 1 + 51?
52
In base 2, what is 11 - -101110?
110001
In base 7, what is -2 - 361?
-363
In base 13, what is 4 + -201?
-1ca
In base 2, what is 100 + -101111001111?
-101111001011
In base 2, what is 110 - 101010?
-100100
In base 6, what is -2 + -23255?
-23301
In base 15, what is 6e + 7?
76
In base 16, what is -d0 + -4?
-d4
In base 12, what is -1 + 78?
77
In base 3, what is 221 + 110?
1101
In base 16, what is -4 - -9?
5
In base 2, what is 100 - 1010100?
-1010000
In base 3, what is 12 + -22210?
-22121
In base 2, what is 10 - 1011000?
-1010110
In base 10, what is 708 - -9?
717
In base 6, what is -102405 + -4?
-102413
In base 7, what is 4010 + 5?
4015
In base 15, what is -5 + -c4?
-c9
In base 6, what is 3 - -34?
41
In base 11, what is 2 - -1927?
1929
In base 2, what is 101 + -1001001?
-1000100
In base 10, what is -125 - 0?
-125
In base 12, what is -2b + 33?
4
In base 8, what is -607 + 4?
-603
In base 16, what is cd - 1?
cc
In base 2, what is 100011111111001 - 11?
100011111110110
In base 4, what is -2332 - -1?
-2331
In base 16, what is -358 + 5?
-353
In base 8, what is 725 - 4?
721
In base 5, what is 4 + -1233?
-1224
In base 16, what is -3 - 8?
-b
In base 15, what is -10 + -23?
-33
In base 14, what is 154 + 11?
165
In base 12, what is 3b58 - 1?
3b57
In base 7, what is -2 + 65?
63
In base 13, what is 47 - 39?
b
In base 16, what is 13 - -a?
1d
In base 13, what is 201a + -2?
2018
In base 16, what is 0 - 5b?
-5b
In base 11, what is 2 - 44?
-42
In base 16, what is -e + -e?
-1c
In base 16, what is 3 + 21f?
222
In base 13, what is 67a5 - 2?
67a3
In base 12, what is 426 + -4?
422
In base 14, what is 0 + 20a?
20a
In base 5, what is 4 - 2040?
-2031
In base 8, what is 0 + -136?
-136
In base 14, what is 71d - 5?
718
In base 4, what is 22213 - 2?
22211
In base 13, what is 9 - 17?
-b
In base 16, what is -1 + -784?
-785
In base 11, what is -23a2 - -9?
-2394
In base 7, what is 42 - -3?
45
In base 8, what is -11641 - -2?
-11637
In base 14, what is -4 - 28?
-2c
In base 13, what is -32 - 19?
-4b
In base 9, what is -2 - 38?
-41
In base 2, what is -1 - 101000010000?
-101000010001
In base 3, what is -222 + -120?
-1112
In base 3, what is -2222 + 1221?
-1001
In base 5, what is 3240 - 2?
3233
In base 11, what is -105a + 0?
-105a
In base 11, what is 0 + 48?
48
In base 13, what is 8 - -a17?
a22
In base 8, what is -2 + 5053?
5051
In base 6, what is 113 - 1?
112
In base 7, what is 2115 + 5?
2123
In base 3, what is -11 + 1011?
1000
In base 5, what is 21033 + 1?
21034
In base 14, what is -2 - 14d?
-151
In base 2, what is -1100110101 - -10111?
-1100011110
In base 13, what is -5 + -54?
-59
In base 10, what is -1 - -364?
363
In base 4, what is -23130 + 2?
-23122
In base 14, what is -1c + 76?
58
In base 16, what is -d3 - 4?
-d7
In base 5, what is -4 + 30441?
30432
In base 10, what is -2 - 46?
-48
In base 14, what is -2 + 15?
13
In base 7, what is 2 - 230?
-225
In base 12, what is -a3 + a?
-95
In base 16, what is -3 + b?
8
In base 11, what is 6 - -212?
218
In base 8, what is 42 - 1?
41
In base 8, what is 13050 - -3?
13053
In base 15, what is -46 + -3?
-49
In base 3, what is 2 - 200011?
-200002
In base 5, what is 2 + -23332?
-23330
In base 5, what is -11302 - -1?
-11301
In base 9, what is -426 - -5?
-421
In base 14, what is -4 - -11?
b
In base 16, what is -5 - -7e?
79
In base 16, what is 2 + -2b?
-29
In base 13, what is 161 - 48?
116
In base 5, what is 3 + 230?
233
In base 6, what is 10 - 11?
-1
In base 7, what is 43 - 6?
34
In base 6, what is -43415 + -2?
-43421
In base 15, what is 3 - 11?
-d
In base 11, what is -4 + -5?
-9
In base 14, what is 83 + -12?
71
In base 11, what is 5 - -160?
165
In base 5, what is 13122 + -2?
13120
In base 12, what is 4 + -333?
-32b
In base 16, what is -3 + 1e?
1b
In base 13, what is 1ca1 - 4?
1c9a
In base 4, what is -3012 - -3?
-3003
In base 7, what is -432 - -110?
-322
In base 15, what is 2 + 4a?
4c
In base 10, what is 1 + -40?
-39
In base 8, what is 24652 + -4?
24646
In base 12, what is -2 + -1036?
-1038
In base 11, what is -1 + -71?
-72
In base 8, what is 10326 + -4?
10322
In base 12, what is 31 + -b0?
-7b
In base 6, what is 523 + 24?
551
In base 4, what is 230 + -1?
223
In base 9, what is -178 + -5?
-184
In base 12, what is -28 + 36b?
343
In base 15, what is 4 - 13?
-e
In base 6, what is 5 - 122?
-113
In base 9, what is 17 + -160?
-142
In base 5, what is -32 - 13?
-100
In base 8, what is 237 - -73?
332
In base 3, what is 1111 - 102?
1002
In base 8, what is -4 - -57?
53
In base 16, what is -42 - 3?
-45
In base 3, what is -100211 - 12?
-101000
In base 14, what is 8 + -66?
-5c
In base 9, what is 5 + -14?
-8
In base 15, what is 103 - -5?
108
In base 4, what is -2 + -11012?
-11020
In base 10, what is -8 - -4?
-4
In base 13, what is 50 + 4?
54
In base 13, what is -16 + -395?
-3ab
In base 5, what is -10 - -13?
3
In base 11, what is -8 + 0?
-8
In base 6, what is 10 + 1012?
1022
In base 6, what is -25 + 214?
145
In base 4, what is 1 + -1203?
-1202
In base 14, what is 2 + -c?
-a
In base 10, what is -81 - 3?
-